nder when 14147 is divided by 658?
329
Calculate the remainder when 486320 is divided by 53.
45
What is the remainder when 10130 is divided by 5057?
16
Calculate the remainder when 2069 is divided by 85.
29
What is the remainder when 817806 is divided by 15?
6
Calculate the remainder when 135335 is divided by 57.
17
Calculate the remainder when 5095 is divided by 558.
73
Calculate the remainder when 61192 is divided by 94.
92
Calculate the remainder when 536 is divided by 49.
46
Calculate the remainder when 21338 is divided by 2065.
688
What is the remainder when 7305 is divided by 251?
26
Calculate the remainder when 25093 is divided by 251.
244
Calculate the remainder when 24379 is divided by 626.
591
What is the remainder when 1006739 is divided by 1974?
1973
Calculate the remainder when 11462 is divided by 2865.
2
What is the remainder when 22489 is divided by 10?
9
What is the remainder when 455 is divided by 17?
13
Calculate the remainder when 1131 is divided by 59.
10
What is the remainder when 10845 is divided by 92?
81
Calculate the remainder when 15262 is divided by 810.
682
What is the remainder when 19852 is divided by 768?
652
What is the remainder when 9819 is divided by 654?
9
Calculate the remainder when 7002 is divided by 2182.
456
What is the remainder when 2514 is divided by 98?
64
Calculate the remainder when 5657 is divided by 489.
278
What is the remainder when 1756311 is divided by 472?
471
Calculate the remainder when 9262 is divided by 197.
3
What is the remainder when 42718 is divided by 47?
42
What is the remainder when 148 is divided by 23?
10
What is the remainder when 1043 is divided by 58?
57
Calculate the remainder when 348 is divided by 116.
0
What is the remainder when 1837 is divided by 133?
108
Calculate the remainder when 125429 is divided by 865.
4
What is the remainder when 102865 is divided by 20569?
20
What is the remainder when 39543 is divided by 39496?
47
Calculate the remainder when 23206 is divided by 387.
373
What is the remainder when 2975 is divided by 201?
161
Calculate the remainder when 3389 is divided by 43.
35
Calculate the remainder when 13883 is divided by 3466.
19
What is the remainder when 3803 is divided by 111?
29
Calculate the remainder when 5765 is divided by 959.
11
Calculate the remainder when 324541 is divided by 38.
21
What is the remainder when 137634 is divided by 41?
38
Calculate the remainder when 2854 is divided by 552.
94
What is the remainder when 1637510 is divided by 632?
630
Calculate the remainder when 17856 is divided by 190.
186
Calculate the remainder when 27731 is divided by 81.
29
Calculate the remainder when 2780 is divided by 586.
436
What is the remainder when 22739 is divided by 33?
2
Calculate the remainder when 304109 is divided by 10.
9
What is the remainder when 302833 is divided by 452?
445
What is the remainder when 2713 is divided by 32?
25
Calculate the remainder when 1823 is divided by 830.
163
What is the remainder when 1985 is divided by 364?
165
What is the remainder when 4885 is divided by 153?
142
What is the remainder when 20821 is divided by 1156?
13
Calculate the remainder when 3500 is divided by 262.
94
What is the remainder when 53667 is divided by 13414?
11
What is the remainder when 9849 is divided by 3255?
84
Calculate the remainder when 112319 is divided by 1262.
1
What is the remainder when 49580 is divided by 4498?
102
What is the remainder when 30441 is divided by 43?
40
Calculate the remainder when 4027 is divided by 3784.
243
What is the remainder when 53813 is divided by 1627?
122
Calculate the remainder when 34435 is divided by 4918.
9
What is the remainder when 3667874 is divided by 2012?
2010
What is the remainder when 38671 is divided by 35?
31
What is the remainder when 1568 is divided by 491?
95
Calculate the remainder when 57236 is divided by 19075.
11
Calculate the remainder when 2672 is divided by 9.
8
What is the remainder when 55933 is divided by 874?
871
Calculate the remainder when 29870 is divided by 16.
14
Calculate the remainder when 1423384 is divided by 95.
94
Calculate the remainder when 2665 is divided by 242.
3
What is the remainder when 26855 is divided by 527?
505
What is the remainder when 7627 is divided by 953?
3
Calculate the remainder when 106210 is divided by 23.
19
What is the remainder when 16843 is divided by 376?
299
Calculate the remainder when 63261 is divided by 256.
29
What is the remainder when 165 is divided by 49?
18
Calculate the remainder when 14394 is divided by 64.
58
What is the remainder when 3347 is divided by 1708?
1639
What is the remainder when 1218845 is divided by 2?
1
Calculate the remainder when 1042 is divided by 1031.
11
What is the remainder when 2989 is divided by 179?
125
What is the remainder when 12326 is divided by 777?
671
What is the remainder when 26921 is divided by 8969?
14
Calculate the remainder when 9286 is divided by 489.
484
What is the remainder when 3014 is divided by 10?
4
What is the remainder when 57341 is divided by 128?
125
Calculate the remainder when 265429 is divided by 127.
126
What is the remainder when 137224 is divided by 903?
871
What is the remainder when 7614 is divided by 149?
15
What is the remainder when 16582 is divided by 829?
2
Calculate the remainder when 4606 is divided by 114.
46
Calculate the remainder when 64943 is divided by 822.
5
What is the remainder when 148570 is divided by 380?
370
What is the remainder when 7626 is divided by 185?
41
Calculate the remainder when 20321 is divided by 465.
326
What is the remainder when 10800 is divided by 37?
33
What is the remainder when 164020 is divided by 28?
24
What is the remainder when 40684 is divided by 465?
229
Calculate the remainder when 6516 is divided by 509.
408
What is the remainder when 27966 is divided by 1748?
1746
What is the remainder when 1584 is divided by 941?
643
Calculate the remainder when 1145 is divided by 415.
315
Calculate the remainder when 928732 is divided by 25798.
4
What is the remainder when 22520 is divided by 520?
160
What is the remainder when 372813 is divided by 278?
15
What is the remainder when 243 is divided by 132?
111
Calculate the remainder when 167553 is divided by 355.
348
What is the remainder when 9341 is divided by 75?
41
What is the remainder when 887261 is divided by 129?
128
What is the remainder when 1274 is divided by 124?
34
Calculate the remainder when 25493 is divided by 52.
13
What is the remainder when 419511 is divided by 91?
1
What is the remainder when 224653 is divided by 4084?
33
Calculate the remainder when 84083 is divided by 283.
32
What is the remainder when 1292 is divided by 285?
152
What is the remainder when 14985 is divided by 118?
117
Calculate the remainder when 217086 is divided by 7485.
21
What is the remainder when 4693 is divided by 2309?
75
What is the remainder when 286471 is divided by 71616?
7
Calculate the remainder when 113759 is divided by 32.
31
Calculate the remainder when 2090 is divided by 533.
491
What is the remainder when 155956 is divided by 83?
82
What is the remainder when 6670 is divided by 459?
244
What is the remainder when 92804 is divided by 1307?
7
Calculate the remainder when 1317 is divided by 393.
138
Calculate the remainder when 58547 is divided by 11704.
27
Calculate the remainder when 19788 is divided by 521.
511
Calculate the remainder when 235 is divided by 221.
14
Calculate the remainder when 1423 is divided by 360.
343
What is the remainder when 46030 is divided by 93?
88
What is the remainder when 1556710 is divided by 29?
19
What is the remainder when 303 is divided by 68?
31
What is the remainder when 47065 is divided by 7843?
7
Calculate the remainder when 104476 is divided by 674.
6
What is the remainder when 2981 is divided by 1059?
863
Calculate the remainder when 744273 is divided by 20.
13
Calculate the remainder when 10660 is divided by 5297.
66
Calculate the remainder when 83632 is divided by 10454.
0
Calculate the remainder when 2294 is divided by 411.
239
Calculate the remainder when 155635 is divided by 51877.
4
What is the remainder when 3254 is divided by 1618?
18
What is the remainder when 1392 is divided by 1317?
75
Calculate the remainder when 5016 is divi